 - 5 = 25. What is the units digit of s?
5
Suppose 0 = -5*s + s + 24. Let w(h) = 7. Let z(u) = u + 15. Let b(v) = -5*w(v) + 2*z(v). What is the units digit of b(s)?
7
Let d = -63 + 148. What is the units digit of d?
5
Suppose 0 = -2*z + 3*z - 7. Let w(m) = m + 7. Let u be w(-5). Suppose x + z = u*x. What is the units digit of x?
7
Let k(u) = 56*u**2 + 12*u + 18. What is the hundreds digit of k(-2)?
2
Suppose 5*h = -3*d + 5, 0*h = 4*h + 5*d + 9. Suppose 17 + 47 = h*m. What is the tens digit of m?
1
Let b be 2/10 + (-63)/15. Let h(f) = f. Let m be h(-1). Let u = m - b. What is the units digit of u?
3
Let j = 102 - 71. Suppose -4*p + 3 = l - 6*l, 2*l - j = -3*p. What is the units digit of p?
7
Let o(q) = q - 2. Let s be o(7). Suppose -s*b + 48 = 13. What is the units digit of b?
7
Suppose 3*f = 5*i - 68, 113 = -4*f + f - 4*i. Let v = -22 - f. What is the units digit of v?
9
Let c(a) = a**2 + 5*a - 10. Let s be c(-7). Suppose 3*v = -s*g - 11, v = -3*g - 8 - 4. What is the units digit of v?
3
Let k(w) = 8*w**2 + 4*w - 1. What is the units digit of k(-2)?
3
Suppose -7*b = -9*b + 40. What is the units digit of b?
0
Let j be (3/2)/(2/32). Suppose 0 = -6*t + 3*t + j. What is the units digit of t?
8
Suppose -5*l = -3*z + 11, 0 = -4*z + z - 2*l + 4. Suppose 0 = 4*b - z*b - 8. Suppose 0*m + b = m. What is the units digit of m?
4
Let m be 2/(1*(-2)/(-34)). Suppose -4*u - y - 4 = -120, 0 = -u + y + m. What is the tens digit of u?
3
Suppose -5*j + 79 = 2*o, 5*o + 5*j - 27 - 148 = 0. What is the units digit of o?
2
Let r be (-2)/(-3) - (-106)/3. Suppose 5*b = 0, -2*y - 3*b + 4*b + r = 0. What is the tens digit of y?
1
Suppose 0*p = -4*y + 4*p + 84, 2*p = -2. What is the tens digit of y?
2
Let u = -104 - -162. What is the tens digit of u?
5
Let c = 4 - -10. Suppose -3*f + 3 = -x - c, 0 = 2*x + 3*f + 16. Let k = x - -16. What is the units digit of k?
5
Let z = -7 + 10. What is the units digit of z?
3
Suppose 88*w = 84*w + 212. What is the units digit of w?
3
Let g(b) = b**3 - 3*b**2 + b - 6. Suppose 4 + 2 = -5*m + n, -4*n = m - 3. Let o(z) = z**2 + 1. Let t(q) = m*g(q) - 2*o(q). What is the units digit of t(0)?
4
Suppose -31 - 41 = -3*i. What is the units digit of i?
4
Let f(y) = y**3 + 7*y**2 - y - 8. Let x be f(-7). Let l(j) = -3*j**3 + j**2 + j. Let q be l(-1). What is the units digit of 1 + 0 + x + q?
3
Let p(f) = f - 6. Let b = -2 + 4. Let o be ((-21)/15)/(b/(-10)). What is the units digit of p(o)?
1
Suppose -14*i + 15 = -9*i. What is the units digit of i?
3
Let y(w) = -3*w**3 - w**2 + 4*w - 4. What is the units digit of y(-3)?
6
Suppose 0 = 2*w + w - 6. Let n = 7 + -4. Suppose n*u - 5 = w*u. What is the units digit of u?
5
Suppose p - 2 = -0. What is the units digit of 6 - -2 - p - 0?
6
Let n(j) be the third derivative of -j**4/12 - 5*j**3/6 - j**2. Let m be n(-4). Suppose 33 = m*s - 9. What is the tens digit of s?
1
Let n = -20 + 37. What is the tens digit of n?
1
Let j(b) = -2*b + 1. Let f be 2/(-7) + 138/42. Suppose -5*m + 4*q = -0*m + 40, -3 = -3*m - f*q. What is the units digit of j(m)?
9
Let o = 10 + 20. Let u = o + -42. What is the units digit of (-93)/u + 1/4?
8
Let x(j) = j**2 - 6*j - 8. Let h be x(7). Let l be (8/20)/(h/(-5)). Let i = 3 + l. What is the units digit of i?
5
Let x(c) = c - 7. Let o be x(13). Let w(h) = h + 0 - 2*h - 5 + o. What is the units digit of w(0)?
1
Suppose -n = q - 26 - 14, 6 = 2*q. Let j = n + -26. What is the units digit of j?
1
Let i be (3 + -1)*6/4. Suppose -6 = -2*d - k + 3, -9 = -i*k. Let n = -2 + d. What is the units digit of n?
1
Suppose 0 = s + 5*k - 7, 5*s - 8 = -k + 75. Let t = -10 + s. What is the units digit of t?
7
Let r be (-3)/6*-2 - -1. Suppose 2*j = -2*m + 26, r*j + j - 37 = -5*m. What is the units digit of j?
4
Let m = 28 - 14. What is the tens digit of m?
1
Suppose 2*d + 76 = -2*s, 17 = -d - 4*s - 12. Let x = 69 + d. What is the units digit of x?
8
Let x = 12 + -10. What is the units digit of (x - (-3)/(-2))*12?
6
What is the tens digit of (-178)/(-2) - (5 - 2 - -1)?
8
Let d be (-28)/(-10) - (-36)/(-45). Suppose 0*o - o - d*q = -30, -5*q = 4*o - 132. What is the units digit of o?
8
Let w be 1/(-1)*2/(-1). What is the units digit of ((-42)/12)/(w/(-4))?
7
Suppose -10*j + 9*j + 4 = 0. Suppose 2*i = -j*i + 162. What is the units digit of i?
7
Suppose j = -2 - 4. What is the units digit of 6/3*(-15)/j?
5
Let z(u) = 53*u**2 - u - 1. What is the units digit of z(1)?
1
Suppose 0 = 5*f + 61 - 236. What is the tens digit of f?
3
Let s be 11/(-3) + 1/(-3). Let v(t) = t**2 + 4*t + 1. What is the units digit of v(s)?
1
Let d be 4/(-18) - 40/(-18). Suppose -d*i = -3 - 9. Suppose -4*m + 2*m = -i. What is the units digit of m?
3
Suppose 0 = -d + v - 83, -2*v = -2*d + 3*v - 157. What is the units digit of d/(-10) + 6/15?
9
Suppose -3*h - 27 = -3*t, 0 = t + 2*t - 12. What is the units digit of (6/(-10))/(h/25)?
3
Let v be 2/12 + (-75)/18. What is the tens digit of v/6*(4 + -19)?
1
Let c be -1*2/1 - -3. Let b = c + 1. Suppose -5*o + b = -3. What is the units digit of o?
1
Let d(g) = -g**3 - 3*g**2 + 3*g + 6. Let x be d(-4). Let v = -10 + x. Suppose -60 = -4*r - v*r. What is the tens digit of r?
1
Suppose -b = -4 - 34. Suppose 0 = -3*w + 31 + b. What is the units digit of w?
3
Let a(o) = -2*o + 6. Let c be a(6). Let k = -3 - c. Suppose -30 = -2*r - k*r. What is the units digit of r?
6
Suppose -7*y + 2*y + 35 = 0. Let d(t) = t - 5. What is the units digit of d(y)?
2
Let y(f) = 75*f. Let s be y(1). Let q = s + -26. What is the units digit of q?
9
Let x(k) = k**3 + 6*k**2 - 8*k - 6. Let t be x(-7). Let n be (0/2)/(t/(-1)). Suppose 9*z - 4*z - 45 = n. What is the units digit of z?
9
What is the units digit of -1*4/(12/(-747))?
9
Let n be 0 + 3 + -2 + 2. Suppose n*j = -j + 16. Suppose 4*i = -b - 18, 2*i + 8 = 3*b - j*b. What is the units digit of b?
2
Let l be (1 - (0 + 2))*-72. Let k be (-4)/8*0 + -2. What is the units digit of l/20 - k/5?
4
What is the units digit of 1*(0/(-4) + 4)?
4
Let j = 22 + -15. Let l = 11 - 15. Let x = l + j. What is the units digit of x?
3
Let p(h) = h**2 - 1. Let i be p(1). Suppose -4*l + l + 48 = i. What is the tens digit of (l/(-10))/((-2)/15)?
1
Let i be 69/18 - (-5)/30. Suppose -4*t + 2*b = 7*b - 53, i*t + 4*b - 48 = 0. What is the units digit of t?
7
Let n be 2*1*(-1)/(-2). Suppose 3*t + 5 = -n. What is the units digit of (t/3)/((-2)/3)?
1
Suppose 39 = -0*z + 3*z. Let s = z + 6. What is the units digit of s?
9
Suppose 0 = 3*b - b + 36. Let z be (-20)/(8/(-6) + 2). Let a = b - z. What is the units digit of a?
2
Suppose -3*k + 36 = 5*g, -4 = -5*k + 4*k + g. What is the units digit of k?
7
Let z(r) be the first derivative of -r**4/2 - r**3/3 + r**2 - r + 3. What is the units digit of z(-2)?
7
Suppose -5*f + 0*f + 20 = 0. What is the units digit of -22*((-6)/f - -1)?
1
Suppose v - 2*j - 8 = 0, -8*v + 4*v + 3*j = -17. Suppose -3*g = v*k - 6*k - 4, -4*k = 5*g - 60. What is the units digit of g?
8
Let i(a) = -a**3 + 2*a**2 + 3*a + 4. Let w be i(3). Suppose 14 + 6 = w*g. What is the units digit of g?
5
Suppose 2*w - 39 = -z, -3*w = -5*z + 98 + 58. What is the tens digit of z?
3
Suppose -4*n + 3*u + 574 = 2*u, 566 = 4*n - 5*u. What is the hundreds digit of n?
1
What is the hundreds digit of (-1 - 3)*(1 + 812/(-16))?
1
Suppose 4*m - r - 223 = -2*r, -r = 1. What is the units digit of m?
6
Let c = 21 + 64. What is the tens digit of c?
8
Let p = 18 + -10. Suppose 3*h = 2*h + p. What is the units digit of h?
8
Let f(s) = -s**3 - 21*s**2 - 11*s + 49. What is the units digit of f(-21)?
0
Let s(d) = d**3 + 9*d**2 + d + 5. What is the tens digit of s(-4)?
8
Suppose 160 - 704 = -3*h - 4*w, -541 = -3*h - w. What is the tens digit of h?
8
Let m = -11 - -15. Let c be 4/((2 - m)/(-2)). Suppose -c*y - 3 - 21 = -4*h, 0 = 5*y + 10. What is the units digit of h?
4
Suppose 4*y + 0*y = 0. Let o = y + 5. What is the units digit of o?
5
Let w(b) = -13*b**2 + 1. Let m be w(1). Let i = m + 21. What is the units digit of i?
9
Let y be 9/(-6)*(-798)/9. What is the units digit of (-2 + 4)/(14/y)?
9
Suppose 0 = 2*a - i - 7, -4 = -2*a - i + 1. Let y be -5 + 2 + (-5)/(-1). Suppose j + 6 = 4*s - 3, -a = -3*j + y*s. What is the units digit of j?
3
Suppose 5*u = 6*u + 9. Let t(c) = -c**2 - 11*c - 4. Let l be t(-7). Let v = l + u